
7
Let t(n) = -8836*n - 8418. What is the units digit of t(-4)?
6
Suppose -776*q - 665658 = -830*q. What is the units digit of q?
7
Let z(b) = -4*b**3 + 11*b**2 + 30*b + 6. What is the units digit of z(-4)?
8
What is the thousands digit of 1142436/84 + (-68)/(-70) + 6/(-15)?
3
Suppose -2*a - 5017 - 2646 = -v, a + 23019 = 3*v. What is the thousands digit of v?
7
Suppose -5*m = -5, 2*y - m = 2 - 7. Let f(c) = -23*c**3 + 2*c**2 + 2*c - 4. Let o be f(y). Let z = o + -35. What is the tens digit of z?
4
Let l(i) = -147*i + 11651. What is the ten thousands digit of l(-122)?
2
Let w = 56234 - 24593. What is the units digit of w?
1
Suppose 12*s = 13*s - 281. Let v = 615 - s. What is the tens digit of v?
3
Let t(y) = -6*y**3 - 13*y**2 - 17*y - 18. Let j(c) = 7*c**3 + 13*c**2 + 17*c + 19. Let o(i) = -5*j(i) - 6*t(i). What is the hundreds digit of o(-8)?
1
Let x(j) = 2*j**2 - 3*j + 47. Let d(k) = 18 - 2*k - k - 3*k + 3*k - 2*k**2. Let p be d(3). What is the tens digit of x(p)?
3
Let x(c) = -c**2 - 11*c - 7. Let s be x(-9). Suppose -s*g = 9 - 31. What is the tens digit of -2 + 135/(4 - 1) + g?
4
Let w(p) = -88*p - 28. Let i(k) = -22*k - 7. Let h(a) = 9*i(a) - 2*w(a). Suppose -4*x - 6 = g, -10 = -5*g + 4*x - 40. What is the hundreds digit of h(g)?
1
Let t = 69 + -52. Let r(s) = 13*s - 18 + 24*s - t*s - 21. What is the units digit of r(8)?
1
Suppose -y - 20 = -3*s + 144, -218 = -4*s + y. Suppose -74 = -q + 3*u - 15, 0 = q - 2*u - s. What is the units digit of q/3 + (-5)/(-15)?
5
Let f(l) = -203*l - 192. Let a be f(6). Let g = 2061 + a. What is the units digit of g?
1
Suppose -3304 = 13*o - 20646. What is the units digit of o?
4
Let n(h) = 34*h**2 + 85*h + 855. What is the tens digit of n(-25)?
8
What is the ten thousands digit of 24/((-576)/(-316428))*2?
2
Let u(y) be the second derivative of y**6/360 + y**5/40 + y**4/3 + 4*y**3/3 - 5*y. Let k(i) be the second derivative of u(i). What is the tens digit of k(-12)?
1
Let r(i) = 36*i - 3*i**2 + 2*i**2 - 2 - 41*i - 4*i**3 - 5*i**3. What is the units digit of r(-3)?
7
Let m = 16256 - 11383. Suppose 0 = g - f - 1036, 0 = -5*g + f + 299 + m. What is the hundreds digit of g?
0
Let n be (1 + -1)/((-5)/(5/1)). Suppose n = -p + 4*s + 105, 3*p = -0*p + s + 271. Suppose -8*y + 519 = -p. What is the units digit of y?
6
Let p be 15/8 + 3/24. Suppose -2*z - 4 = 3*b + p, -z + 4*b + 8 = 0. What is the tens digit of 44/(2 + z)*780/120?
4
Let r = -426 + 173. Let g = r - -806. What is the units digit of g?
3
What is the hundreds digit of (-3 - 1) + (18576/16 - 8)?
1
Suppose 2*b = -2*s + 82294, 76*b - 79*b = -4*s - 123476. What is the ten thousands digit of b?
4
Suppose 0 = 18*v - 16*v - 41998. What is the ten thousands digit of v?
2
What is the units digit of (2176/(-96))/((-4)/2016)?
4
Let w(v) = 571*v + 1383. What is the units digit of w(10)?
3
Let w(q) = 2*q**2 - 8*q + 105. Let u be w(18). Suppose -6*l + u = l. What is the tens digit of l?
8
Let k = -29677 + 50790. What is the tens digit of k?
1
Suppose 34256 = s + 5*c, -4*c + 16812 = 2*s - 51652. What is the tens digit of s?
1
Suppose -10*h - 857 = 223. What is the units digit of ((-17035)/6)/(-5) + (-18)/h?
8
Suppose d + 322404 = 5*d - 4*n, -2*d + n = -161205. What is the units digit of 9/30 - d/(-120)?
2
Let o = 373 + -125. Let l = o - 209. What is the tens digit of l?
3
Let n = 329 - 319. Suppose 2*u - 4*b = 566, -3*b + b + n = 0. What is the tens digit of u?
9
Let x(z) = 6*z**2 - 53*z + 304. What is the hundreds digit of x(6)?
2
Let y = 90 - 90. Suppose 98 - 38 = 5*v + 3*l, -2*v - 5*l + 43 = y. What is the units digit of v?
9
Let s = 15079 - 6266. What is the thousands digit of s?
8
Suppose 12*j = 4*j + 32. Suppose 2*b + 4*w + 36 = j*b, 2*w - 30 = -3*b. Suppose m + q - 2*q = 94, -3*q = b. What is the units digit of m?
0
Let t(z) = 11*z**2 - 35*z - 458. What is the hundreds digit of t(-22)?
6
Let c = 30 + 0. Let y be (2/5)/(3/c). Suppose 0*i = i + 4*f - 40, -y*i = -2*f - 160. What is the tens digit of i?
4
Let y = -18 - 1. Let u(o) = o**3 - 2*o**2 + 21*o**2 + 13 - o - 2*o**3 + 2*o**3. What is the units digit of u(y)?
2
Suppose -402 = 6*c - 3*c. Let t = -94 - c. What is the units digit of (-1)/((-1)/t)*(-38 + 39)?
0
Let x = 10 + 186. Suppose -x - 28 = -2*q - 4*w, 605 = 5*q - 5*w. What is the hundreds digit of q?
1
Suppose u + 2*k - 97 = 0, 3*u = 2*k - 0*k + 299. Let g = u + 64. What is the hundreds digit of g?
1
Let h(i) = -81*i**3 - 9*i**2 - 50*i - 6. What is the units digit of h(-5)?
4
Let k = 21880 - 16510. What is the tens digit of k?
7
Let d = -3651 - -13369. What is the tens digit of d?
1
Suppose 0 = -11*w - 428 - 199. Suppose 0 = 5*s - 4*s + 129. Let k = w - s. What is the tens digit of k?
7
Let i = -411 + 407. What is the tens digit of 7 + 16 + i + 0?
1
Suppose 0 = y + 4*g + 4 - 43, -81 = -3*y - 3*g. Suppose 13*v - y*v = -5380. What is the hundreds digit of v?
5
Suppose 0*p + 9889 = 11*p. Suppose 7*z = 2593 - p. Let q = z + -171. What is the units digit of q?
1
Let n be -8*((-3)/21)/((-6)/(-21)). Suppose 2*j = 2*b - 128 - 206, 0 = -n*j. What is the units digit of b?
7
Let d(p) = 23*p**3 + 3*p**2 + 4*p - 4. Let n be d(3). Let l = n - 227. What is the hundreds digit of l?
4
Let g = 21 + -16. Suppose 59 = -2*h + z, 4*h + z - g*z = -124. What is the tens digit of (-111)/(-2) + 14/h?
5
Let b(v) = 17*v - 12. Let w be -5*(-6)/165 + 2/(-11). Suppose 0*x + 3*x - 12 = w. What is the units digit of b(x)?
6
What is the hundreds digit of (13 - 8) + (4149 - 6)?
1
Suppose -186*q = -203*q + 12648. Suppose -3*m = -o - 2253, 2*o - q = m - 2*m. What is the units digit of m?
0
Let i = 206 - 508. Let f = i + 973. What is the hundreds digit of f?
6
Let m(x) = 14*x**2 - 4*x - 11. Let d(s) = 15*s**2 - 6*s - 11. Let t(o) = -4*d(o) + 6*m(o). What is the units digit of t(-4)?
2
Let z = -3988 - -8382. What is the thousands digit of z?
4
Let j(v) = -2*v**2 - 2*v - 56. Let p be j(0). Let a = p - -67. Suppose -a*c - 404 = -15*c. What is the hundreds digit of c?
1
Suppose 7*y = -5*a + 3*y + 264, 0 = -5*y + 5. Let j = -38 + a. Suppose -j*v + 764 = -10*v. What is the tens digit of v?
9
Let j(p) = -3259*p + 94. What is the thousands digit of j(-3)?
9
What is the tens digit of (30/255 - (-1600)/(-17))/((-9)/468)?
8
Suppose 406*i - 13100780 = -453*i + 135*i. What is the hundreds digit of i?
0
Let p(i) = i**2 - 17*i + 24. Let v(b) = b**3 - 9*b**2 + 16*b + 2. Let a be v(7). What is the units digit of p(a)?
8
Suppose 7*y = -4*y + 88. Let s be 0 - 4 - 14/(1 - y). What is the tens digit of (-188)/s - (-1 - -6)?
8
Suppose 31 = 18*g - 23. What is the thousands digit of -3 + 2 + g + 1181?
1
Let y = 27155 + 10865. What is the thousands digit of y?
8
What is the units digit of ((-20)/(-15))/((-124)/(-2994042))?
4
Let u(n) = 85*n**2 - 24*n + 2. What is the units digit of u(3)?
5
Suppose 4 = 8*j - 7*j. Suppose -j*r + 21 = 5. Suppose g - 3*y = -3*g + 146, 158 = r*g + 3*y. What is the tens digit of g?
3
Let k = -8 - -37. Let c(w) = 11*w**2 - k*w**2 + 36 - 4*w - w**3 - 12. What is the units digit of c(-18)?
6
Suppose 5*u + 3*c - 11018 = -1406, u = 5*c + 1956. What is the thousands digit of u?
1
Let t(a) = a**3 - 9*a**2 + 27*a - 41. Let o be t(7). Suppose o*i - 13938 = -2238. What is the hundreds digit of i?
2
Suppose 0 = 5*c + 4*j - 6, -j - 8 = -2*c - 3. Suppose 0 = -c*k + 4*m, -k - 3*m = -0*m. What is the units digit of 1/(k - 4/8) - -21?
9
Let o = 874 + 3106. What is the units digit of o?
0
Let i(r) = 32*r + 47. What is the units digit of i(22)?
1
Let z(a) = 1924*a - 176. What is the units digit of z(4)?
0
Let d = 15 + -7. Let u be 0/((0 - -1)/(d + -7)). Suppose -5*b - 3*y + 290 = 0, -b + 3*y + 2*y + 86 = u. What is the units digit of b?
1
Let d = -42361 + 71821. What is the thousands digit of d?
9
Let y be (366/(-4))/((-13)/52). Suppose 2*x + y - 952 = 0. What is the tens digit of x?
9
Suppose 11*x = 13*x - 180. Let o = -47 - x. What is the units digit of (o/2)/((12/(-3))/8)?
7
Let y be 4 + (-3 - -1) - -1. Suppose 2 = v - y. Suppose 2*p - 52 = x + 266, 3*p = v*x + 470. What is the hundreds digit of p?
1
Suppose -3*m - 5*p - 29277 = -112698, 4*p = m - 27773. What is the hundreds digit of m?
7
Suppose -17*y + 20*y - 525 = 0. Let d be -3*4/12*-3. Suppose -5 = -5*p, -2*o = d*p - 0*p - y. What is the units digit 